st derivative of r(h). Let p = 1 - -2. Give v(p).
-2
Let b(q) = -q**2 - 11*q - 32. Let o(s) = s**2 - 86*s + 246. Let x be o(3). Calculate b(x).
-8
Let l(p) = -3*p**3 + 19*p**2 - 8*p + 7. Suppose -433*d = -357*d - 456. What is l(d)?
-5
Let q(f) = 52061 - 52058 + 25*f - 69*f. What is q(3)?
-129
Let k(q) = q**3 - 22*q**2 + 5*q - 1. Let g(l) = l**3 - 27*l**2 + 4*l - 2. Let o(z) = 6*g(z) - 7*k(z). Give o(-4).
-25
Let n(t) be the third derivative of t**5/30 + t**4/2 + t**3 + 3885*t**2. Calculate n(-6).
6
Let m(v) = -v**2 + 7*v - 16. Let f = -14 + 16. Determine m(f).
-6
Suppose -56*j = -f - 52*j - 2, 0 = 4*j. Let x(d) = 16*d**3 - 4*d**2 - 4*d - 3. Determine x(f).
-139
Let a(q) = 4*q**3 + 3*q**2 + 3*q - 11. Let k(t) = -t**3 + t**2. Let m = -713 + 712. Let b(o) = m*a(o) - 5*k(o). Calculate b(8).
-13
Let d(l) = -l**3 + 7*l**2 + 3*l + 7. Let f(y) = 2*y**3 - 13*y**2 - 6*y - 13. Let k(x) = -11*d(x) - 6*f(x). Let a be (-3)/(-12) + 119/68 - -1. Determine k(a).
-8
Let t(j) = j**3 + 0*j**3 - 14 + 7 - 4*j**2. Suppose 5*o = 4*w - 420 - 161, -4*o = 4. Let q = w + -139. Calculate t(q).
18
Let u(w) = 1 + 9 - 7 - 7*w**2 + 0 - 2*w. Let k(f) = -3*f - 10. Let r be k(-4). Calculate u(r).
-29
Let y(z) = -z - 1. Let r be y(-3). Let w be 38/14 + 15 + 1236/(-84). Let l(d) = -w*d**2 + 0*d**2 + d**r - 7 + d**2. Give l(0).
-7
Let g(o) = 16*o - 57. Let q(w) = 51*w - 167. Let b(x) = -7*g(x) + 2*q(x). What is b(7)?
-5
Let m(x) = -9*x + 30. Suppose -26*t - 87*t = -226. Determine m(t).
12
Let n(y) = -5*y**2 - 2*y + 2. Let w(h) = 4 - 6*h - 17*h**2 + 9*h**2 - 2*h + 3*h. Let t(d) = 5*n(d) - 3*w(d). Give t(4).
2
Let f(n) = -11*n - 1. Suppose 4*o = 43 - 3. Let l(h) = h**2 + h + 1. Let z be l(-2). Suppose 2*a + o - 3 = q, -5*q = -z*a - 7. What is f(q)?
10
Let v(i) = i**3 + i**2 - i - 1. Suppose 8*p - 11*p = 0. Let l = 9 - p. Suppose -4*d - 12 = -j + 5*j, -j - 4*d - l = 0. Calculate v(j).
0
Let t be 0 - (-30)/(-18)*-3. Let b(z) = -3 + 25*z + t - 36*z + 24*z. Calculate b(1).
15
Suppose -u = -2*u - 13. Let p(w) = 12960936*w - 3*w**2 - 12960922*w - 2 + 4*w**2. Calculate p(u).
-15
Let a = 4789 + -4779. Let k(m) = m**2 - 4*m - 5. Calculate k(a).
55
Let s = -449 - -458. Let t be (-5)/((s/(-72))/((-6)/(-40))). Let f(l) = -l**3 + 7*l**2 - 9*l + 6. Calculate f(t).
-12
Let c(g) be the first derivative of 7*g**2/2 - 51*g + 545. What is c(7)?
-2
Let d(c) = -10*c - 10 - 5 - 3 + 11*c. Let b be (-45)/12*(-8)/3. What is d(b)?
-8
Let v be (7/(-3) - -2)/((-187)/(-66) - 3). Let h(i) be the second derivative of 0 + 11/2*i**v - 1/6*i**3 - 20*i. Determine h(7).
4
Suppose f - 12 = 2*h, 4*h = h - 3. Suppose -17*t + f*t = 14. Let b(l) = -2*l**2 - 2*l. What is b(t)?
-4
Let r = 541 - 532. Let n(v) = -3 + r*v + v**2 + 412*v**3 - 411*v**3 - 9*v. Suppose -s + 2 = -5*b, s + 4*s = b - 14. Determine n(s).
-21
Let d(v) = v**2 + 7*v + 8. Suppose -15 - 3 = 3*t. Let q be d(t). Suppose 0 = q*c - 1 + 5. Let z(a) = -2*a - 3. What is z(c)?
1
Let j(m) = -17*m + 10. Let t(x) = 4*x**3 + 2*x**2 - x - 1. Let v be t(1). Let f(h) = 21*h - 11. Let q(c) = v*f(c) + 5*j(c). Give q(-2).
8
Let x = -1247 + 1255. Let j(m) = m**3 - 10*m**2 + 14*m + 11. Give j(x).
-5
Let h(m) = m**3 + 5*m**2 - 1. Let s = 1069 + -538. Suppose 8*g = -s + 35. Let y = g + 57. Calculate h(y).
-1
Let i be (-63)/(-18)*(4/7 - 0). Let u(f) = -5*f**2 + 2*f - 4*f**2 + f**3 + 7*f**2 - 3*f**i. Give u(4).
-8
Let w(l) = -5*l - 14. Let b = 424 - 328. Let f be ((-4)/(-8))/(-3 + 280/b). Determine w(f).
16
Suppose 208 = 73*c - 303. Let h(m) = m**2 - 3*m - 1. Determine h(c).
27
Let a(z) be the third derivative of 0 + 0*z + 1/2*z**3 - 2*z**2 + 1/12*z**4. Suppose 744 = 245*u + 63 - 54. Determine a(u).
9
Suppose 533 = 4*h + 4*z + 461, -9 = -z. Let y = -2 - -4. Let i(t) = 1 + 1 + 1 + 8*t - t**y. What is i(h)?
-6
Let w(t) = -6*t - 79. Let s(v) = 9*v + 115. Let p(h) = -7*s(h) - 10*w(h). Determine p(2).
-21
Let o(h) = 16*h - 8 - 17 + 0*h**2 + 3 - h**2 - 1. Give o(13).
16
Let v(n) = -2*n**2 - n - 2. Suppose 25 = -y - 2*h, 5*y = 3*y + 3*h - 36. Let o be (-6)/2*(133/y + 7). Calculate v(o).
-8
Let r(s) = s - 6. Let f be -48*((-5)/2 + (-1)/(-2)). Let d = 102 - f. Let u be d - (4/10 - (-12)/20). Give r(u).
-1
Let f(l) be the second derivative of l**6/120 + l**5/10 - l**3 - 85*l**2/2 - l + 57. Let p(g) be the first derivative of f(g). Determine p(-6).
-6
Let g(q) = -5 - 89 - 49 - 15*q - 2*q. Give g(-8).
-7
Let i(w) be the third derivative of w**4/12 - 2*w**3/3 + 6699*w**2. Suppose -5*x + 12 = -3*x. Determine i(x).
8
Let p(s) be the first derivative of -s**3/3 + 15*s**2 - 31*s - 3400. Calculate p(29).
-2
Let c = 4 - 1. Let b(y) = y**3 - 6*y**2 + y - 7. Let t(w) = -15*w - 17*w + 4*w**3 - 25*w**2 - 9*w + 45*w - 31. Let z(f) = -9*b(f) + 2*t(f). Calculate z(c).
7
Let s(t) = -t**3 + 6*t**2 + 15*t + 9. Let n be 6*-4*6/(-12). Let w be (76/n + -9)/((-2)/6). Calculate s(w).
1
Let q(k) = -237*k - 6*k**2 + 18 + 7*k**2 - 4*k**2 + 255*k. Give q(7).
-3
Suppose 0*c = -4*c - 4*w + 36, -3*c + 3*w + 15 = 0. Let r(y) = 4*y + 11. Let l(j) = -j - 1. Let v(f) = 9*l(f) + 2*r(f). Determine v(c).
6
Let r(x) = 0 + 8 + 3*x**2 + 22 - 4*x**2 + 0 - 11. Let q(d) = d - 5. Let p be q(5). What is r(p)?
19
Let n(g) be the second derivative of 2*g**3/3 + 17*g**2/2 - 35*g - 7. What is n(5)?
37
Let h(d) be the first derivative of d**2/2 + 21*d + 490. What is h(-15)?
6
Let c(n) = -3*n**2 + 4*n + 5*n**2 + 1 + 1 + 0. Suppose -3*r = -3*y - 6, -2*y + 0*y = -3*r + 3. Let s be (-1)/1 - (3 + r). Give c(s).
8
Suppose v - 1 = 0, -11*w + 61 - 4 = 2*v. Let b(a) = -4 - 5*a + 0*a + 6*a. Let h(s) = -s + 1. Let i(n) = b(n) + 2*h(n). Determine i(w).
-7
Let n = 5809 - 5816. Let c(w) = -2*w + w**2 + 8*w - 4 + 0*w**2. Determine c(n).
3
Let r(s) be the second derivative of s**4/12 - s**3/3 - 103*s**2/2 - 4*s. What is r(11)?
-4
Let f = -25 - 23. Let b = f - -52. Let k(g) = g**3 + g**2 + b*g**3 + 1 - 2*g**3 + 2*g. What is k(-1)?
-3
Let p(z) = 805*z - 32. Let i(k) = 42*k - 2. Let h(f) = -39*i(f) + 2*p(f). Calculate h(-3).
98
Let m(j) = -j**3 - 11*j**2 - 16*j + 14. Let f be m(-9). Let i(k) be the second derivative of k**5/20 + k**4/2 + k**3/6 + 3*k**2/2 + 17*k + 1. Determine i(f).
31
Suppose 96 = 6*m + 2*m. Let r be 1*-1*(-8)/8*m. Let u(s) = r - s - 9 + 0*s. Determine u(-7).
10
Let k be 5/(3/(-144)*-40). Let t(l) = l**2 - 12*l + 17. Calculate t(k).
-19
Let p = 203 - 200. Suppose 5*g - 19 = w + w, 0 = -p*w + g - 9. Let b(o) = o. Calculate b(w).
-2
Let a(f) be the third derivative of f**4/24 - 35*f**3/6 + 1111*f**2. Give a(30).
-5
Let a = 924 + -926. Let s(k) = -64*k - 134. Let p be s(a). Let z(u) = u**2 + 4*u - 4. What is z(p)?
8
Suppose 4*o - 272 = -5*w + 2*o, 5*o + 188 = 3*w. Suppose 58 = i + w. Let g(q) = -6 + 35*q**i + 4*q - 31*q**2 - q**3 + 3*q. Give g(5).
4
Let m(c) be the third derivative of -c**4/12 + c**3 + 7*c**2. Suppose -2*u + 4*u + 4 = 4*a, 5*u - 3*a - 11 = 0. Let w be -1*(7/(-7) - u). Calculate m(w).
-4
Let y(k) = k**2 - 7*k - 4. Let h = -147 + 258. Let c = -85 + h. Suppose 65 = 13*w - c. Calculate y(w).
-4
Let k(j) = -j + 5. Let l be k(0). Suppose -88 + 58 = -10*v. Let t(u) = -6 + 180*u**2 + v + 6*u + 184*u**2 - 365*u**2. What is t(l)?
2
Let x(g) = g**2 + 18*g - 76. Let z = 10426 + -10421. Calculate x(z).
39
Let t be 7*418/154 - 31. Let q(o) = o**3 + 14*o**2 + 18*o - 77. Determine q(t).
-5
Let s(i) = i**2 + 5*i - 9. Let a be -90 - ((-6)/3 + 6). Let w(l) = -l**3 + 6*l**2 + 4*l - 5. Let h be w(8). Let v = h - a. Calculate s(v).
5
Let d(j) = 507 - 878 + 408 + 3*j. Give d(-14).
-5
Suppose t + 0*y - 3*y + 13 = 0, 0 = 5*t - 2*y + 13. Let z(m) be the second derivative of 17*m**4/12 - m**3/6 + 102*m. What is z(t)?
18
Let t(x) be the first derivative of x**5/40 + x**4/12 - 223*x**3/3 - x**2/2 + 163. Let q(j) be the third derivative of t(j). Determine q(1).
5
Let j = -8 + 5. Let l be j*(-6)/45*10. Let c(k) be the third derivative of -k**4/8 + 5*k**3/6 - 1147*k**2. Calculate c(l).
-7
Suppose 5*p + 3*y + 27 = 0, -p + y + 37 - 36 = 0. Let x(o) = -12*o - 7. Determine x(p).
29
Let x(c) be the third derivative of -c**6/120 + c**5/5 - c**4/8 + 9*c**3/2 - c**2 + 40*c. Give x(12).
-9
Let d = -406 - -398. Let u be (-28)/(-70) - d/5. Let i(j) = -2*j**3 - 4*j**2 + 2*j + 2. What is i(u)?
-26
Let t(n) = -2*n**3 - 28*n**2 - 4*n - 60. Let w be 4290/(-300) - (-27)/9